{"id":2733,"date":"2025-07-11T20:47:51","date_gmt":"2025-07-11T20:47:51","guid":{"rendered":"https:\/\/alzor.com.mx\/?page_id=2733"},"modified":"2025-07-28T21:25:10","modified_gmt":"2025-07-28T21:25:10","slug":"id","status":"publish","type":"page","link":"https:\/\/alzor.com.mx\/index.php\/id\/","title":{"rendered":"I+D"},"content":{"rendered":"\t\t<div data-elementor-type=\"wp-page\" data-elementor-id=\"2733\" class=\"elementor elementor-2733\" data-elementor-post-type=\"page\">\n\t\t\t\t<div class=\"elementor-element elementor-element-99dc75e e-flex e-con-boxed e-con e-parent\" data-id=\"99dc75e\" data-element_type=\"container\">\n\t\t\t\t\t<div class=\"e-con-inner\">\n\t\t<div class=\"elementor-element elementor-element-103926b e-con-full e-flex e-con e-child\" data-id=\"103926b\" data-element_type=\"container\">\n\t\t\t\t<div class=\"elementor-element elementor-element-cf80d37 elementor-widget elementor-widget-heading\" data-id=\"cf80d37\" data-element_type=\"widget\" data-widget_type=\"heading.default\">\n\t\t\t\t\t<h2 class=\"elementor-heading-title elementor-size-default\">DESARROLLO DE NUEVOS PRODUCTOS.<\/h2>\t\t\t\t<\/div>\n\t\t\t\t<div class=\"elementor-element elementor-element-e8798b6 elementor-widget elementor-widget-text-editor\" data-id=\"e8798b6\" data-element_type=\"widget\" data-widget_type=\"text-editor.default\">\n\t\t\t\t\t\t\t\t\t<p><span style=\"font-weight: 400;\">En ALZOR Biotechnologies\u00ae somos expertos en la producci\u00f3n, manejo y desarrollo de productos basados en biopol\u00edmeros naturales que tienen una gran aplicaci\u00f3n en diversas industrias, as\u00ed como en t\u00e9cnicas de nanotecnolog\u00eda para la mejora de productos.<\/span><\/p><p><span style=\"font-weight: 400;\">Todos nuestros productos y m\u00e9todos est\u00e1n patentados y certificados por laboratorios especializados.<\/span><\/p><p><span style=\"font-weight: 400;\">Ofrecemos servicios de personalizaci\u00f3n de productos, para satisfacer por completo las necesidades espec\u00edficas de cada cliente, as\u00ed como el desarrollo de nuevos productos o procesos, mejora de formulaciones y asesor\u00eda t\u00e9cnica especializada para diversas industrias.<\/span><\/p>\t\t\t\t\t\t\t\t<\/div>\n\t\t\t\t<div class=\"elementor-element elementor-element-50d3171 elementor-align-left elementor-button-info elementor-widget elementor-widget-button\" data-id=\"50d3171\" data-element_type=\"widget\" data-widget_type=\"button.default\">\n\t\t\t\t\t\t\t\t\t\t<a class=\"elementor-button elementor-button-link elementor-size-sm\" href=\"https:\/\/alzor.com.mx\/index.php\/contacto\/\">\n\t\t\t\t\t\t<span class=\"elementor-button-content-wrapper\">\n\t\t\t\t\t\t<span class=\"elementor-button-icon\">\n\t\t\t\t<i aria-hidden=\"true\" class=\"far fa-arrow-alt-circle-right\"><\/i>\t\t\t<\/span>\n\t\t\t\t\t\t\t\t\t<span class=\"elementor-button-text\">M\u00e1s informaci\u00f3n<\/span>\n\t\t\t\t\t<\/span>\n\t\t\t\t\t<\/a>\n\t\t\t\t\t\t\t\t<\/div>\n\t\t\t\t<\/div>\n\t\t<div class=\"elementor-element elementor-element-7be0a3e e-con-full e-flex e-con e-child\" data-id=\"7be0a3e\" data-element_type=\"container\">\n\t\t\t\t<div class=\"elementor-element elementor-element-85c55b3 elementor-invisible elementor-widget elementor-widget-image\" data-id=\"85c55b3\" data-element_type=\"widget\" data-settings=\"{&quot;motion_fx_motion_fx_mouse&quot;:&quot;yes&quot;,&quot;motion_fx_mouseTrack_effect&quot;:&quot;yes&quot;,&quot;_animation&quot;:&quot;bounceInRight&quot;,&quot;_animation_delay&quot;:1000,&quot;motion_fx_mouseTrack_speed&quot;:{&quot;unit&quot;:&quot;px&quot;,&quot;size&quot;:1,&quot;sizes&quot;:[]}}\" data-widget_type=\"image.default\">\n\t\t\t\t\t\t\t\t\t\t\t\t\t\t\t<img fetchpriority=\"high\" decoding=\"async\" width=\"640\" height=\"640\" src=\"https:\/\/alzor.com.mx\/wp-content\/uploads\/2025\/07\/ID_Principal-1.svg\" class=\"attachment-large size-large wp-image-2729\" alt=\"\" \/>\t\t\t\t\t\t\t\t\t\t\t\t\t\t\t<\/div>\n\t\t\t\t<\/div>\n\t\t\t\t\t<\/div>\n\t\t\t\t<\/div>\n\t\t<div class=\"elementor-element elementor-element-3705968 e-flex e-con-boxed e-con e-parent\" data-id=\"3705968\" data-element_type=\"container\" data-settings=\"{&quot;background_background&quot;:&quot;classic&quot;}\">\n\t\t\t\t\t<div class=\"e-con-inner\">\n\t\t<div class=\"elementor-element elementor-element-2223721 e-con-full e-flex e-con e-child\" data-id=\"2223721\" data-element_type=\"container\">\n\t\t\t\t<div class=\"elementor-element elementor-element-301ee13 elementor-widget elementor-widget-heading\" data-id=\"301ee13\" data-element_type=\"widget\" data-widget_type=\"heading.default\">\n\t\t\t\t\t<h2 class=\"elementor-heading-title elementor-size-default\">VENTA DE MATERIAS PRIMAS<\/h2>\t\t\t\t<\/div>\n\t\t\t\t<\/div>\n\t\t<div class=\"elementor-element elementor-element-fa2723b e-con-full e-flex e-con e-child\" data-id=\"fa2723b\" data-element_type=\"container\">\n\t\t<div class=\"elementor-element elementor-element-85b958d e-con-full e-flex e-con e-child\" data-id=\"85b958d\" data-element_type=\"container\">\n\t\t\t\t<div class=\"elementor-element elementor-element-ac0d1ac elementor-widget elementor-widget-text-editor\" data-id=\"ac0d1ac\" data-element_type=\"widget\" data-widget_type=\"text-editor.default\">\n\t\t\t\t\t\t\t\t\t<ul><li style=\"text-align: left;\"><span style=\"font-weight: 400; color: #ffffff;\">Quitina<\/span><\/li><li style=\"text-align: left;\"><span style=\"font-weight: 400; color: #ffffff;\">Quitosano<\/span><\/li><li style=\"text-align: left;\"><span style=\"font-weight: 400; color: #ffffff;\">Quitosano en soluci\u00f3n<\/span><\/li><\/ul>\t\t\t\t\t\t\t\t<\/div>\n\t\t\t\t<\/div>\n\t\t<div class=\"elementor-element elementor-element-0df64fd e-con-full e-flex e-con e-child\" data-id=\"0df64fd\" data-element_type=\"container\">\n\t\t\t\t<div class=\"elementor-element elementor-element-6b66914 elementor-widget elementor-widget-text-editor\" data-id=\"6b66914\" data-element_type=\"widget\" data-widget_type=\"text-editor.default\">\n\t\t\t\t\t\t\t\t\t<ul><li><span style=\"font-weight: 400; color: #ffffff;\">Gomas<\/span><\/li><li><span style=\"font-weight: 400; color: #ffffff;\">Almidones<\/span><\/li><li><span style=\"font-weight: 400; color: #ffffff;\">Alginatos<\/span><\/li><li><span style=\"font-weight: 400; color: #ffffff;\">Carragenanos<\/span><\/li><li><span style=\"font-weight: 400; color: #ffffff;\">Col\u00e1genos<\/span><\/li><\/ul>\t\t\t\t\t\t\t\t<\/div>\n\t\t\t\t<\/div>\n\t\t<div class=\"elementor-element elementor-element-b6f3b1d e-con-full e-flex e-con e-child\" data-id=\"b6f3b1d\" data-element_type=\"container\">\n\t\t\t\t<div class=\"elementor-element elementor-element-01e7652 elementor-widget elementor-widget-text-editor\" data-id=\"01e7652\" data-element_type=\"widget\" data-widget_type=\"text-editor.default\">\n\t\t\t\t\t\t\t\t\t<ul><li><span style=\"font-weight: 400; color: #ffffff;\">Glucosamina<\/span><\/li><li><span style=\"font-weight: 400; color: #ffffff;\">Celulosas<\/span><\/li><li><span style=\"font-weight: 400; color: #ffffff;\">Pectinas<\/span><\/li><li><span style=\"color: #ffffff;\">Soluciones Desinfectantes<\/span><\/li><\/ul>\t\t\t\t\t\t\t\t<\/div>\n\t\t\t\t<\/div>\n\t\t\t\t<\/div>\n\t\t\t\t\t<\/div>\n\t\t\t\t<\/div>\n\t\t\t\t<\/div>\n\t\t","protected":false},"excerpt":{"rendered":"<p>DESARROLLO DE NUEVOS PRODUCTOS. En ALZOR Biotechnologies\u00ae somos expertos en la producci\u00f3n, manejo y desarrollo de productos basados en biopol\u00edmeros naturales que tienen una gran aplicaci\u00f3n en diversas industrias, as\u00ed como en t\u00e9cnicas de nanotecnolog\u00eda para la mejora de productos. Todos nuestros productos y m\u00e9todos est\u00e1n patentados y certificados por laboratorios especializados. Ofrecemos servicios de [&hellip;]<\/p>\n","protected":false},"author":1,"featured_media":0,"parent":0,"menu_order":0,"comment_status":"closed","ping_status":"closed","template":"elementor_header_footer","meta":{"footnotes":""},"class_list":["post-2733","page","type-page","status-publish","hentry"],"_links":{"self":[{"href":"https:\/\/alzor.com.mx\/index.php\/wp-json\/wp\/v2\/pages\/2733","targetHints":{"allow":["GET"]}}],"collection":[{"href":"https:\/\/alzor.com.mx\/index.php\/wp-json\/wp\/v2\/pages"}],"about":[{"href":"https:\/\/alzor.com.mx\/index.php\/wp-json\/wp\/v2\/types\/page"}],"author":[{"embeddable":true,"href":"https:\/\/alzor.com.mx\/index.php\/wp-json\/wp\/v2\/users\/1"}],"replies":[{"embeddable":true,"href":"https:\/\/alzor.com.mx\/index.php\/wp-json\/wp\/v2\/comments?post=2733"}],"version-history":[{"count":9,"href":"https:\/\/alzor.com.mx\/index.php\/wp-json\/wp\/v2\/pages\/2733\/revisions"}],"predecessor-version":[{"id":2903,"href":"https:\/\/alzor.com.mx\/index.php\/wp-json\/wp\/v2\/pages\/2733\/revisions\/2903"}],"wp:attachment":[{"href":"https:\/\/alzor.com.mx\/index.php\/wp-json\/wp\/v2\/media?parent=2733"}],"curies":[{"name":"wp","href":"https:\/\/api.w.org\/{rel}","templated":true}]}}