{"id":72,"date":"2024-04-21T04:16:45","date_gmt":"2024-04-21T04:16:45","guid":{"rendered":"http:\/\/laboix-demo.local\/?page_id=72"},"modified":"2025-09-23T14:34:48","modified_gmt":"2025-09-23T14:34:48","slug":"nosotros","status":"publish","type":"page","link":"https:\/\/alzor.com.mx\/index.php\/nosotros\/","title":{"rendered":"Nosotros"},"content":{"rendered":"\t\t<div data-elementor-type=\"wp-page\" data-elementor-id=\"72\" class=\"elementor elementor-72\" data-elementor-post-type=\"page\">\n\t\t\t\t<div class=\"elementor-element elementor-element-46e884c e-flex e-con-boxed e-con e-parent\" data-id=\"46e884c\" data-element_type=\"container\" data-settings=\"{&quot;background_background&quot;:&quot;classic&quot;}\">\n\t\t\t\t\t<div class=\"e-con-inner\">\n\t\t<div class=\"elementor-element elementor-element-e8eed6f e-con-full e-flex e-con e-child\" data-id=\"e8eed6f\" data-element_type=\"container\">\n\t\t\t\t<div class=\"elementor-element elementor-element-a7b8409 elementor-widget elementor-widget-spacer\" data-id=\"a7b8409\" data-element_type=\"widget\" data-widget_type=\"spacer.default\">\n\t\t\t\t\t\t\t<div class=\"elementor-spacer\">\n\t\t\t<div class=\"elementor-spacer-inner\"><\/div>\n\t\t<\/div>\n\t\t\t\t\t\t<\/div>\n\t\t\t\t<div class=\"elementor-element elementor-element-294def1 elementor-widget elementor-widget-heading\" data-id=\"294def1\" data-element_type=\"widget\" data-widget_type=\"heading.default\">\n\t\t\t\t\t<h2 class=\"elementor-heading-title elementor-size-default\">\u00bfQUIENES SOMOS?<\/h2>\t\t\t\t<\/div>\n\t\t\t\t<div class=\"elementor-element elementor-element-d0f10de elementor-widget elementor-widget-text-editor\" data-id=\"d0f10de\" data-element_type=\"widget\" data-widget_type=\"text-editor.default\">\n\t\t\t\t\t\t\t\t\t<p><span style=\"font-weight: 400;\">ALZOR Biotechnologies\u00ae forma parte de una nueva revoluci\u00f3n tecnol\u00f3gica para la agricultura mundial, mediante\u00a0 el\u00a0 aprovechamiento\u00a0 de\u00a0 biomol\u00e9culas\u00a0 y nanomateriales para el desarrollo de agroinsumos biotecnol\u00f3gicos de alta efectividad y bajo impacto ambiental.<\/span><\/p>\t\t\t\t\t\t\t\t<\/div>\n\t\t\t\t<\/div>\n\t\t<div class=\"elementor-element elementor-element-1b7e3b8 e-con-full e-flex e-con e-child\" data-id=\"1b7e3b8\" data-element_type=\"container\">\n\t\t<div class=\"elementor-element elementor-element-996d4b8 e-con-full e-flex elementor-invisible e-con e-child\" data-id=\"996d4b8\" data-element_type=\"container\" data-settings=\"{&quot;animation&quot;:&quot;fadeInRight&quot;}\">\n\t\t\t\t<div class=\"elementor-element elementor-element-5c955d0 elementor-widget elementor-widget-image\" data-id=\"5c955d0\" data-element_type=\"widget\" data-widget_type=\"image.default\">\n\t\t\t\t\t\t\t\t\t\t\t\t\t\t\t<img fetchpriority=\"high\" decoding=\"async\" width=\"640\" height=\"343\" src=\"https:\/\/alzor.com.mx\/wp-content\/uploads\/2025\/07\/IMG-1-1024x549.png\" class=\"attachment-large size-large wp-image-2581\" alt=\"\" srcset=\"https:\/\/alzor.com.mx\/wp-content\/uploads\/2025\/07\/IMG-1-1024x549.png 1024w, https:\/\/alzor.com.mx\/wp-content\/uploads\/2025\/07\/IMG-1-300x161.png 300w, https:\/\/alzor.com.mx\/wp-content\/uploads\/2025\/07\/IMG-1-768x412.png 768w, https:\/\/alzor.com.mx\/wp-content\/uploads\/2025\/07\/IMG-1-1536x823.png 1536w, https:\/\/alzor.com.mx\/wp-content\/uploads\/2025\/07\/IMG-1-2048x1098.png 2048w\" sizes=\"(max-width: 640px) 100vw, 640px\" \/>\t\t\t\t\t\t\t\t\t\t\t\t\t\t\t<\/div>\n\t\t\t\t<\/div>\n\t\t<div class=\"elementor-element elementor-element-3933b45 e-con-full e-grid elementor-invisible e-con e-child\" data-id=\"3933b45\" data-element_type=\"container\" data-settings=\"{&quot;animation&quot;:&quot;fadeInUp&quot;}\">\n\t\t\t\t<div class=\"elementor-element elementor-element-ff0458d elementor-widget elementor-widget-image\" data-id=\"ff0458d\" data-element_type=\"widget\" data-widget_type=\"image.default\">\n\t\t\t\t\t\t\t\t\t\t\t\t\t\t\t<img decoding=\"async\" width=\"640\" height=\"731\" src=\"https:\/\/alzor.com.mx\/wp-content\/uploads\/2025\/07\/IMG-3-896x1024.png\" class=\"attachment-large size-large wp-image-2580\" alt=\"\" srcset=\"https:\/\/alzor.com.mx\/wp-content\/uploads\/2025\/07\/IMG-3-896x1024.png 896w, https:\/\/alzor.com.mx\/wp-content\/uploads\/2025\/07\/IMG-3-263x300.png 263w, https:\/\/alzor.com.mx\/wp-content\/uploads\/2025\/07\/IMG-3-768x877.png 768w, https:\/\/alzor.com.mx\/wp-content\/uploads\/2025\/07\/IMG-3.png 1293w\" sizes=\"(max-width: 640px) 100vw, 640px\" \/>\t\t\t\t\t\t\t\t\t\t\t\t\t\t\t<\/div>\n\t\t\t\t<div class=\"elementor-element elementor-element-2c44e25 elementor-widget elementor-widget-image\" data-id=\"2c44e25\" data-element_type=\"widget\" data-widget_type=\"image.default\">\n\t\t\t\t\t\t\t\t\t\t\t\t\t\t\t<img decoding=\"async\" width=\"640\" height=\"731\" src=\"https:\/\/alzor.com.mx\/wp-content\/uploads\/2025\/07\/IMG-2-896x1024.png\" class=\"attachment-large size-large wp-image-2582\" alt=\"\" srcset=\"https:\/\/alzor.com.mx\/wp-content\/uploads\/2025\/07\/IMG-2-896x1024.png 896w, https:\/\/alzor.com.mx\/wp-content\/uploads\/2025\/07\/IMG-2-263x300.png 263w, https:\/\/alzor.com.mx\/wp-content\/uploads\/2025\/07\/IMG-2-768x877.png 768w, https:\/\/alzor.com.mx\/wp-content\/uploads\/2025\/07\/IMG-2.png 1293w\" sizes=\"(max-width: 640px) 100vw, 640px\" \/>\t\t\t\t\t\t\t\t\t\t\t\t\t\t\t<\/div>\n\t\t\t\t<\/div>\n\t\t\t\t<\/div>\n\t\t\t\t\t<\/div>\n\t\t\t\t<\/div>\n\t\t<div class=\"elementor-element elementor-element-89546fd e-flex e-con-boxed e-con e-parent\" data-id=\"89546fd\" data-element_type=\"container\">\n\t\t\t\t\t<div class=\"e-con-inner\">\n\t\t\t\t<div class=\"elementor-element elementor-element-8336df0 elementor-widget elementor-widget-heading\" data-id=\"8336df0\" data-element_type=\"widget\" data-widget_type=\"heading.default\">\n\t\t\t\t\t<h2 class=\"elementor-heading-title elementor-size-default\">\u00bfPORQU\u00c9 SOMOS TU MEJOR OPCI\u00d3N?<\/h2>\t\t\t\t<\/div>\n\t\t\t\t<div class=\"elementor-element elementor-element-5aee1d3 elementor-widget elementor-widget-text-editor\" data-id=\"5aee1d3\" data-element_type=\"widget\" data-widget_type=\"text-editor.default\">\n\t\t\t\t\t\t\t\t\t<p><span style=\"font-weight: 400;\">Somos una Startup de desarrollo e innovaci\u00f3n biotecnol\u00f3gica con soluciones para los grandes desaf\u00edos de la agricultura y la seguridad alimentaria<\/span><\/p>\t\t\t\t\t\t\t\t<\/div>\n\t\t\t\t\t<\/div>\n\t\t\t\t<\/div>\n\t\t<div class=\"elementor-element elementor-element-4260a60 e-flex e-con-boxed e-con e-parent\" data-id=\"4260a60\" data-element_type=\"container\">\n\t\t\t\t\t<div class=\"e-con-inner\">\n\t\t<div class=\"elementor-element elementor-element-a4037e7 e-con-full e-flex e-con e-child\" data-id=\"a4037e7\" data-element_type=\"container\">\n\t\t\t\t<div class=\"elementor-element elementor-element-61c555a elementor-position-left elementor-view-default elementor-mobile-position-top elementor-vertical-align-top elementor-widget elementor-widget-icon-box\" data-id=\"61c555a\" data-element_type=\"widget\" data-widget_type=\"icon-box.default\">\n\t\t\t\t\t\t\t<div class=\"elementor-icon-box-wrapper\">\n\n\t\t\t\t\t\t<div class=\"elementor-icon-box-icon\">\n\t\t\t\t<span  class=\"elementor-icon\">\n\t\t\t\t<svg xmlns=\"http:\/\/www.w3.org\/2000\/svg\" xmlns:xlink=\"http:\/\/www.w3.org\/1999\/xlink\" id=\"Capa_1\" x=\"0px\" y=\"0px\" viewBox=\"0 0 500 500\" style=\"enable-background:new 0 0 500 500;\" xml:space=\"preserve\"><style type=\"text\/css\">\t.st0{fill:#5B5A5E;}\t.st1{opacity:0.3;fill:#535E7A;}<\/style><g>\t<path class=\"st0\" d=\"M458.46,415.48c-19.7,34.27-100.14,28.45-193.31-13.28c12.68-6.27,25.37-13.03,37.66-20.25  c40.24-23.28,76.61-50.39,105.71-78.5c44.57,45.22,63.72,87.95,49.89,112.03H458.46z M209.59,373.6  c-39.45-22.93-75.16-49.45-103.67-76.96c21.04-20.25,46.41-40.34,74.02-58.5c15.07,20.94,25.62,44.02,30.89,67.7l0.3,1.24  c0.15,0.9,0.45,1.69,0.75,2.49c-1.79,2.44-2.93,5.37-2.93,8.61v1.29c0,5.92,3.58,10.99,8.76,13.23c-0.8,1.74-1.24,3.68-1.24,5.72  v1.29c0,5.92,3.58,11.04,8.76,13.23c-0.8,1.74-1.24,3.68-1.24,5.77v1.29c0,7.91,6.47,14.33,14.38,14.33h30.94  c7.91,0,14.38-6.42,14.38-14.33v-1.29c0-2.09-0.5-4.03-1.24-5.77c5.17-2.19,8.76-7.31,8.76-13.23v-1.29c0-2.04-0.5-3.98-1.24-5.72  c5.17-2.24,8.76-7.31,8.76-13.23v-1.29c0-3.28-1.09-6.17-2.93-8.61c0.3-0.8,0.6-1.59,0.75-2.49c5.72-25.87,16.27-49.4,30.74-69.24  c27.76,18.31,53.33,38.45,74.42,58.8c-28.5,27.46-64.22,54.02-103.67,76.96c-14.43,8.36-29.3,16.22-44.17,23.28  c-14.87-7.11-29.75-14.92-44.17-23.28H209.59z M223.27,324.15c-2.54,0-4.63-2.04-4.63-4.63v-1.29c0-2.54,2.09-4.63,4.63-4.63h60.99  c2.54,0,4.63,2.09,4.63,4.63v1.29c0,2.59-2.09,4.63-4.63,4.63H223.27z M273.91,358.83v1.29c0,2.54-2.09,4.63-4.68,4.63h-30.94  c-2.59,0-4.68-2.09-4.68-4.63v-1.29c0-2.59,2.09-4.63,4.68-4.63h30.94C271.82,354.2,273.91,356.24,273.91,358.83z M230.73,344.5  c-2.54,0-4.63-2.09-4.63-4.68v-1.29c0-2.54,2.09-4.63,4.63-4.63h46.01c2.54,0,4.63,2.09,4.63,4.63v1.29c0,2.59-2.09,4.68-4.63,4.68  H230.73z M171.34,212.18c-19-20.74-29.5-47.61-29.5-75.81c0-31.34,12.54-60.34,35.37-81.78c22.78-21.34,52.43-32.04,83.77-30.05  c56.16,3.48,102.08,50.44,104.56,106.75c1.34,31.14-9.75,60.54-31.24,82.87c-22.98,23.83-39.25,54.92-47.16,89.99  c-0.99-0.2-1.94-0.3-2.93-0.3h-60.99c-0.99,0-1.94,0.1-2.89,0.3l-0.1-0.4c-7.31-32.93-24.23-64.62-48.95-91.58H171.34z   M458.41,177.85c13.83,24.08-5.37,66.76-49.84,111.98c-21.44-20.64-47.36-41.09-75.46-59.69c2.64-3.18,5.37-6.27,8.21-9.2  c17.01-17.71,28.01-39.55,32.14-63.18C416.68,151.74,447.57,158.95,458.41,177.85L458.41,177.85z M190.49,403.7  c10.74,0,19.45,8.71,19.45,19.45c0,10.74-8.71,19.45-19.45,19.45s-19.45-8.71-19.45-19.45C171.04,412.4,179.74,403.7,190.49,403.7z   M63.99,141.04c10.74,0,19.45,8.71,19.45,19.45c0,10.74-8.71,19.45-19.45,19.45s-19.45-8.71-19.45-19.45  C44.54,149.75,53.24,141.04,63.99,141.04L63.99,141.04z M466.87,173.03c-12.88-22.39-45.42-31.24-92.03-25.17  c0.5-5.57,0.7-11.24,0.4-16.91c-2.69-61.24-52.58-112.22-113.62-116.05c-33.93-2.14-66.31,9.5-91.03,32.68  c-24.47,22.93-38.5,55.37-38.5,88.84c0,5.92,0.55,11.74,1.34,17.51c0,0.3,0.1,0.65,0.15,0.99c3.63,23.73,14.08,45.96,30.49,63.92  c3.43,3.78,6.72,7.66,9.9,11.64c-27.96,18.55-53.72,38.9-75.06,59.44c-41.09-41.74-60.54-81.23-52.43-106.06  c4.92,3.68,10.94,5.87,17.51,5.87c16.12,0,29.2-13.08,29.2-29.2s-13.08-29.2-29.2-29.2s-29.2,13.08-29.2,29.2  c0,5.62,1.64,10.89,4.43,15.37c-13.53,28.65,5.87,73.27,52.78,120.83c-48.45,49.2-67.7,95.16-51.44,123.67  c10.3,17.96,33.08,27.16,65.27,27.16c17.46,0,37.81-2.79,60.34-8.26c5.22,7.86,14.18,13.08,24.33,13.08  c16.12,0,29.2-13.08,29.2-29.2c0-16.12-13.08-29.2-29.2-29.2c-16.12,0-29.2,13.08-29.2,29.2c0,2.44,0.35,4.78,0.9,7.01  c-57.7,13.88-99.84,8.51-113.12-14.62c-13.83-24.08,5.37-66.76,49.89-112.03c29.1,28.11,65.46,55.22,105.71,78.5  c15.32,8.95,31.14,17.26,46.96,24.72c57.26,26.96,109.94,40.64,149.53,40.64c31.89,0,55.27-8.9,65.66-27.01  c16.32-28.5-2.98-74.52-51.44-123.67c48.45-49.2,67.7-95.16,51.44-123.67L466.87,173.03z\"><\/path>\t<path class=\"st0\" d=\"M253.71,44.49c2.69,0,4.88-2.19,4.88-4.88c0-2.69-2.19-4.87-4.88-4.87c-55.96,0-101.48,45.57-101.48,101.63  c0,2.74,2.19,4.87,4.88,4.87c2.69,0,4.87-2.14,4.87-4.87c0-1.69,0.15-3.38,0.25-5.12c2.59-46.61,39.9-83.97,86.41-86.51  c1.69-0.1,3.38-0.25,5.12-0.25H253.71z\"><\/path>\t<path class=\"st0\" d=\"M224.91,136.81l39.99-58.7l-16.96,54.97c-1.09,3.63,0.2,7.61,3.33,9.8l31.24,21.89l-39.99,58.7l16.96-54.97  c0.25-0.9,0.4-1.74,0.4-2.64c0-2.79-1.29-5.47-3.73-7.16L224.91,136.81z M231.23,227c-1.29,4.23,0.6,8.51,4.58,10.45  c1.24,0.6,2.59,0.9,3.83,0.9c2.79,0,5.42-1.34,7.11-3.83l44.37-65.07c2.69-3.93,1.69-9.35-2.24-12.09l-31.49-22.04l18.8-60.69  c1.29-4.23-0.6-8.51-4.58-10.45c-3.93-1.89-8.46-0.7-10.94,2.98l-44.37,65.07c-2.69,3.93-1.69,9.35,2.24,12.04l31.49,22.09  l-18.8,60.69V227z\"><\/path><\/g><\/svg>\t\t\t\t<\/span>\n\t\t\t<\/div>\n\t\t\t\n\t\t\t\t\t\t<div class=\"elementor-icon-box-content\">\n\n\t\t\t\t\t\t\t\t\t<h3 class=\"elementor-icon-box-title\">\n\t\t\t\t\t\t<span  >\n\t\t\t\t\t\t\tINNOVACI\u00d3N\t\t\t\t\t\t<\/span>\n\t\t\t\t\t<\/h3>\n\t\t\t\t\n\t\t\t\t\t\t\t\t\t<p class=\"elementor-icon-box-description\">\n\t\t\t\t\t\tAplicamos t\u00e9cnias de vanguardia de Bio-Nanotecnolog\u00eda para formular soluciones con mecanismos de acci\u00f3n novedosos que permiten a los ingredientes activos transportarse directamente al interior plantas.\t\t\t\t\t<\/p>\n\t\t\t\t\n\t\t\t<\/div>\n\t\t\t\n\t\t<\/div>\n\t\t\t\t\t\t<\/div>\n\t\t\t\t<\/div>\n\t\t<div class=\"elementor-element elementor-element-6d9aef1 e-con-full e-flex e-con e-child\" data-id=\"6d9aef1\" data-element_type=\"container\">\n\t\t\t\t<div class=\"elementor-element elementor-element-f30cae9 elementor-position-left elementor-view-default elementor-mobile-position-top elementor-vertical-align-top elementor-widget elementor-widget-icon-box\" data-id=\"f30cae9\" data-element_type=\"widget\" data-widget_type=\"icon-box.default\">\n\t\t\t\t\t\t\t<div class=\"elementor-icon-box-wrapper\">\n\n\t\t\t\t\t\t<div class=\"elementor-icon-box-icon\">\n\t\t\t\t<span  class=\"elementor-icon\">\n\t\t\t\t<svg xmlns=\"http:\/\/www.w3.org\/2000\/svg\" xmlns:xlink=\"http:\/\/www.w3.org\/1999\/xlink\" id=\"Capa_1\" x=\"0px\" y=\"0px\" viewBox=\"0 0 500 500\" style=\"enable-background:new 0 0 500 500;\" xml:space=\"preserve\"><style type=\"text\/css\">\t.st0{fill:#5B5A5E;}\t.st1{opacity:0.3;fill:#535E7A;}<\/style><g>\t<path class=\"st0\" d=\"M226.66,210.93c-5-15.66-16.42-29-30.55-35.68c-27.32-12.96-55.8-11.21-80.37-8.58  c-3.14,0.34-5.89,2.28-7.25,5.13c-1.37,2.85-1.16,6.21,0.54,8.88c3.05,4.77,7.51,12.06,9.66,16c5.47,9.96,8.03,21.47,10.01,31.47  c4.8,24.2,28.52,47.28,60.15,47.28c3.31,0,6.7-0.25,10.17-0.78c4.99-0.76,8.42-5.42,7.65-10.4c-0.76-4.99-5.48-8.44-10.41-7.65  c-25.16,3.83-45.96-13.44-49.64-32c-2.24-11.34-5.2-24.46-11.91-36.71c-0.68-1.24-1.53-2.72-2.47-4.32  c21.01-1.32,39.13,0.17,56.05,8.2c9.64,4.57,17.48,13.81,20.97,24.73c1.61,5.03,2.71,11.87,1.3,19.68  c-8.23-9.14-18.12-18.92-30.32-29.41c-3.83-3.3-9.6-2.85-12.88,0.97c-3.3,3.82-2.85,9.59,0.97,12.88  c16.19,13.92,28.11,26.36,37.02,37.43c0.57,1.23,1.41,2.32,2.48,3.2c17.04,22.08,22.05,38.47,25.48,49.83  c0.47,1.55,0.91,3,1.34,4.37c-9.21,19.38-14.8,37.58-17.31,51.35c-0.91,4.96,2.38,9.72,7.33,10.62c0.56,0.11,1.11,0.15,1.66,0.15  c4.32,0,8.17-3.09,8.97-7.49c2.43-13.31,7.95-31.11,17.23-49.94c0.12-0.23,0.23-0.47,0.34-0.71c5.71-11.48,12.9-23.3,21.62-34.75  c0.73-0.11,1.47-0.27,2.19-0.56c20.56-8.45,44.37-3.09,44.6-3.04c4.9,1.14,9.81-1.9,10.97-6.81c1.15-4.9-1.89-9.82-6.8-10.98  c-0.8-0.19-13.86-3.15-30.23-1.87c12.89-12.24,28.06-23.21,45.88-31.64c4.56-2.15,6.5-7.6,4.35-12.16  c-2.15-4.56-7.6-6.51-12.16-4.35c-10.33,4.88-19.78,10.58-28.55,16.8l0.4-1.38c1.39-4.85-1.42-9.91-6.26-11.3  c-4.86-1.39-9.9,1.41-11.3,6.26l-7.65,26.66c-0.08,0.28-0.1,0.56-0.15,0.84c-11.87,11.78-21.96,24.49-30.23,37.35  c-4.38-15.06-2.4-28.32,0.58-37.65c5.5-17.22,17.9-31.83,33.17-39.06c27.69-13.09,57.17-14.77,91.82-11.97  c-2.71,4.44-5.35,8.93-7.18,12.28c-9.61,17.53-13.87,36.49-17.11,52.88c-3.43,17.28-12.97,32.16-26.18,40.81  c-14.32,9.36-32.41,11.76-53.71,7.07c-4.94-1.06-9.8,2.04-10.88,6.97c-1.08,4.93,2.04,9.8,6.97,10.88  c8.23,1.81,16.18,2.71,23.83,2.71c16.42,0,31.29-4.16,43.8-12.33c17.54-11.48,29.66-30.14,34.09-52.55  c2.98-15.05,6.85-32.39,15.23-47.65c3.14-5.75,9.76-16.58,14.38-23.83c1.7-2.67,1.91-6.02,0.53-8.87  c-1.36-2.85-4.11-4.78-7.25-5.12c-35.58-3.82-76.84-6.34-116.14,12.24c-19.77,9.36-35.76,28.07-42.77,50.01  c-1.55,4.88-2.57,9.85-3.2,14.83c-1.57-2.33-3.29-4.73-5.11-7.18C230.27,239.52,231.1,224.82,226.66,210.93z\"><\/path>\t<path class=\"st0\" d=\"M173.56,429.34c1.17,0.5,2.38,0.73,3.57,0.73c3.55,0,6.93-2.08,8.42-5.56c1.98-4.64-0.19-10-4.83-11.98  c-71.97-30.67-114.7-103.58-106.32-181.45c9.6-89.06,84.15-155.6,171.44-157.62l-22.55,18.16c-3.92,3.17-4.55,8.91-1.39,12.84  c1.81,2.24,4.45,3.4,7.12,3.4c2.01,0,4.04-0.66,5.72-2.02l41.53-33.44c3.92-3.17,4.55-8.91,1.39-12.84l-33.44-41.51  c-3.16-3.93-8.91-4.55-12.84-1.39c-3.92,3.17-4.55,8.91-1.39,12.84l20.61,25.58c-98.48-0.38-183.57,74-194.35,174.04  C46.98,315.04,94.13,395.5,173.56,429.34z\"><\/path>\t<path class=\"st0\" d=\"M317.63,86.75c71.94,29.76,116.36,104.67,108.02,182.18c-9.6,89.06-84.17,155.63-171.47,157.62l22.56-18.16  c3.92-3.17,4.55-8.92,1.39-12.84c-3.17-3.93-8.92-4.56-12.84-1.39l-41.53,33.44c-1.88,1.52-3.09,3.72-3.35,6.13  c-0.25,2.41,0.45,4.82,1.96,6.71l33.45,41.51c1.81,2.24,4.45,3.4,7.11,3.4c2.02,0,4.04-0.67,5.73-2.02  c3.92-3.17,4.55-8.92,1.39-12.84l-20.63-25.6c0.24,0,0.49,0.02,0.73,0.02c98.19-0.01,182.91-74.25,193.66-174.04  c9.21-85.51-39.81-168.17-119.2-201.01c-4.66-1.92-10,0.3-11.93,4.95C310.75,79.48,312.97,84.82,317.63,86.75z\"><\/path><\/g><\/svg>\t\t\t\t<\/span>\n\t\t\t<\/div>\n\t\t\t\n\t\t\t\t\t\t<div class=\"elementor-icon-box-content\">\n\n\t\t\t\t\t\t\t\t\t<h3 class=\"elementor-icon-box-title\">\n\t\t\t\t\t\t<span  >\n\t\t\t\t\t\t\tSOSTENIBILIDAD\t\t\t\t\t\t<\/span>\n\t\t\t\t\t<\/h3>\n\t\t\t\t\n\t\t\t\t\t\t\t\t\t<p class=\"elementor-icon-box-description\">\n\t\t\t\t\t\tCreamos soluciones amigables con el ambiente para la sustituci\u00f3n de productos qu\u00edmicos altamente t\u00f3xicos, promoviendo una agricultura sostenible y de menor impacto ambiental.\t\t\t\t\t<\/p>\n\t\t\t\t\n\t\t\t<\/div>\n\t\t\t\n\t\t<\/div>\n\t\t\t\t\t\t<\/div>\n\t\t\t\t<\/div>\n\t\t<div class=\"elementor-element elementor-element-7f9e03e e-con-full e-flex e-con e-child\" data-id=\"7f9e03e\" data-element_type=\"container\">\n\t\t\t\t<div class=\"elementor-element elementor-element-d7be29a elementor-position-left elementor-view-default elementor-mobile-position-top elementor-vertical-align-top elementor-widget elementor-widget-icon-box\" data-id=\"d7be29a\" data-element_type=\"widget\" data-widget_type=\"icon-box.default\">\n\t\t\t\t\t\t\t<div class=\"elementor-icon-box-wrapper\">\n\n\t\t\t\t\t\t<div class=\"elementor-icon-box-icon\">\n\t\t\t\t<span  class=\"elementor-icon\">\n\t\t\t\t<svg xmlns=\"http:\/\/www.w3.org\/2000\/svg\" xmlns:xlink=\"http:\/\/www.w3.org\/1999\/xlink\" id=\"Capa_1\" x=\"0px\" y=\"0px\" viewBox=\"0 0 500 500\" style=\"enable-background:new 0 0 500 500;\" xml:space=\"preserve\"><style type=\"text\/css\">\t.st0{fill:#5B5A5E;}\t.st1{opacity:0.3;fill:#535E7A;}<\/style><g>\t<path class=\"st0\" d=\"M433.38,308.54c-6.1-2.38-12.98,0.64-15.36,6.79c-25.62,65.81-85.73,109.62-155.31,114.38l10.7-10.7  c4.66-4.66,4.66-12.14,0-16.8c-4.66-4.66-12.14-4.66-16.8,0l-31.47,31.47c-4.66,4.66-4.66,12.14,0,16.8l31.47,31.47  c2.33,2.33,5.35,3.47,8.37,3.47c3.02,0,6.1-1.14,8.38-3.47c4.66-4.61,4.66-12.14,0-16.8l-11.65-11.65  c79.84-4.51,149.07-54.31,178.35-129.59C442.55,317.76,439.48,310.92,433.38,308.54z\"><\/path>\t<path class=\"st0\" d=\"M66.66,191.49c1.44,0.55,2.87,0.79,4.31,0.79c4.76,0,9.22-2.87,11.05-7.58  c25.62-65.76,85.73-109.62,155.31-114.38l-10.75,10.7c-4.66,4.66-4.66,12.14,0,16.8c2.33,2.33,5.35,3.47,8.37,3.47  s6.1-1.14,8.38-3.47l31.47-31.47c4.66-4.66,4.66-12.14,0-16.8l-31.42-31.47c-4.66-4.66-12.14-4.66-16.8,0  c-4.66,4.61-4.66,12.14,0,16.8l11.65,11.65c-79.83,4.51-149.07,54.31-178.35,129.59C57.5,182.27,60.57,189.11,66.66,191.49z\"><\/path>\t<path class=\"st0\" d=\"M184.76,418.01C118.9,392.39,75.09,332.28,70.33,262.7l10.7,10.7c4.66,4.66,12.14,4.66,16.8,0  c4.66-4.66,4.66-12.14,0-16.8l-31.47-31.47c-4.66-4.66-12.14-4.66-16.8,0L18.1,256.65c-4.66,4.61-4.66,12.14,0,16.8  c2.33,2.33,5.35,3.47,8.38,3.47s6.1-1.14,8.37-3.47l11.65-11.65c4.56,79.84,54.36,149.07,129.64,178.35  c1.44,0.54,2.87,0.79,4.31,0.79c4.76,0,9.22-2.87,11.05-7.58C193.87,427.28,190.85,420.39,184.76,418.01z\"><\/path>\t<path class=\"st0\" d=\"M481.95,226.57c-4.66-4.66-12.14-4.66-16.8,0l-11.65,11.65c-4.51-79.83-54.31-149.07-129.59-178.35  c-6.15-2.38-12.98,0.64-15.36,6.79c-2.38,6.1,0.64,12.98,6.79,15.36c65.76,25.62,109.62,85.73,114.38,155.31l-10.7-10.75  c-4.66-4.66-12.14-4.66-16.8,0c-4.66,4.66-4.66,12.14,0,16.8l31.47,31.47c2.33,2.33,5.35,3.47,8.38,3.47  c3.02,0,6.09-1.14,8.37-3.47l31.47-31.47C486.55,238.76,486.55,231.23,481.95,226.57z\"><\/path>\t<path class=\"st0\" d=\"M200.56,262.3c-5.95-5.95-5.95-15.61,0-21.56c5.95-5.95,15.61-5.95,21.56,0l13.58,13.58l38.21-38.21  c6-5.95,15.61-5.95,21.56,0c5.95,5.95,5.95,15.61,0,21.56l-48.96,48.96c-2.97,2.97-6.89,4.46-10.75,4.46  c-3.87,0-7.78-1.49-10.75-4.46L200.56,262.3z M225,362.36c0.84,5.95,6,10.41,11.99,10.41h25.97c6.05,0,11.15-4.41,11.99-10.41  l3.27-22.4c6.79-2.82,8.57-3.57,15.36-6.39l18.14,13.53c4.86,3.62,11.6,3.12,15.86-1.14l18.39-18.34c4.26-4.26,4.76-11,1.14-15.86  l-13.53-18.14c2.82-6.74,3.57-8.57,6.34-15.31l22.45-3.27c5.95-0.89,10.41-6,10.41-12.04v-25.97c0-6.05-4.41-11.15-10.41-11.99  l-22.4-3.27c-2.82-6.79-3.57-8.57-6.39-15.36l13.53-18.14c3.62-4.86,3.12-11.6-1.14-15.86l-18.39-18.39  c-4.26-4.26-11-4.76-15.86-1.14l-18.14,13.53c-6.79-2.82-8.57-3.57-15.36-6.39l-3.27-22.4c-0.89-5.95-6-10.41-11.99-10.41h-25.97  c-6.05,0-11.15,4.41-11.99,10.41l-3.27,22.4c-6.79,2.82-8.62,3.57-15.41,6.39l-18.04-13.53c-4.86-3.62-11.6-3.12-15.86,1.14  l-18.39,18.39c-4.26,4.26-4.76,11-1.14,15.86l13.53,18.14c-2.82,6.79-3.57,8.62-6.39,15.36l-22.4,3.27  c-5.95,0.84-10.41,6-10.41,11.99V263c0,6.05,4.41,11.15,10.41,12.04l22.4,3.27c2.82,6.79,3.57,8.62,6.39,15.41l-13.53,18.04  c-3.62,4.86-3.12,11.6,1.14,15.86l18.39,18.34c4.26,4.26,11,4.76,15.86,1.14l18.14-13.53c6.79,2.82,8.62,3.57,15.41,6.39  L225,362.36z\"><\/path><\/g><\/svg>\t\t\t\t<\/span>\n\t\t\t<\/div>\n\t\t\t\n\t\t\t\t\t\t<div class=\"elementor-icon-box-content\">\n\n\t\t\t\t\t\t\t\t\t<h3 class=\"elementor-icon-box-title\">\n\t\t\t\t\t\t<span  >\n\t\t\t\t\t\t\tEFICACIA\t\t\t\t\t\t<\/span>\n\t\t\t\t\t<\/h3>\n\t\t\t\t\n\t\t\t\t\t\t\t\t\t<p class=\"elementor-icon-box-description\">\n\t\t\t\t\t\tDesarrollamos productos altamente efectivos, de amplio espectro de acci\u00f3n, de f\u00e1cil aplicaci\u00f3n y compatibles con los sistemas agr\u00edcolas tradicionales e intensivos; para incrementar considerablemente la sanidad y el rendimiento de los cultivos.\t\t\t\t\t<\/p>\n\t\t\t\t\n\t\t\t<\/div>\n\t\t\t\n\t\t<\/div>\n\t\t\t\t\t\t<\/div>\n\t\t\t\t<\/div>\n\t\t\t\t\t<\/div>\n\t\t\t\t<\/div>\n\t\t\t\t<\/div>\n\t\t","protected":false},"excerpt":{"rendered":"<p>\u00bfQUIENES SOMOS? ALZOR Biotechnologies\u00ae forma parte de una nueva revoluci\u00f3n tecnol\u00f3gica para la agricultura mundial, mediante\u00a0 el\u00a0 aprovechamiento\u00a0 de\u00a0 biomol\u00e9culas\u00a0 y nanomateriales para el desarrollo de agroinsumos biotecnol\u00f3gicos de alta efectividad y bajo impacto ambiental. \u00bfPORQU\u00c9 SOMOS TU MEJOR OPCI\u00d3N? Somos una Startup de desarrollo e innovaci\u00f3n biotecnol\u00f3gica con soluciones para los grandes desaf\u00edos de [&hellip;]<\/p>\n","protected":false},"author":1,"featured_media":0,"parent":0,"menu_order":0,"comment_status":"closed","ping_status":"closed","template":"elementor_header_footer","meta":{"footnotes":""},"class_list":["post-72","page","type-page","status-publish","hentry"],"_links":{"self":[{"href":"https:\/\/alzor.com.mx\/index.php\/wp-json\/wp\/v2\/pages\/72","targetHints":{"allow":["GET"]}}],"collection":[{"href":"https:\/\/alzor.com.mx\/index.php\/wp-json\/wp\/v2\/pages"}],"about":[{"href":"https:\/\/alzor.com.mx\/index.php\/wp-json\/wp\/v2\/types\/page"}],"author":[{"embeddable":true,"href":"https:\/\/alzor.com.mx\/index.php\/wp-json\/wp\/v2\/users\/1"}],"replies":[{"embeddable":true,"href":"https:\/\/alzor.com.mx\/index.php\/wp-json\/wp\/v2\/comments?post=72"}],"version-history":[{"count":26,"href":"https:\/\/alzor.com.mx\/index.php\/wp-json\/wp\/v2\/pages\/72\/revisions"}],"predecessor-version":[{"id":2923,"href":"https:\/\/alzor.com.mx\/index.php\/wp-json\/wp\/v2\/pages\/72\/revisions\/2923"}],"wp:attachment":[{"href":"https:\/\/alzor.com.mx\/index.php\/wp-json\/wp\/v2\/media?parent=72"}],"curies":[{"name":"wp","href":"https:\/\/api.w.org\/{rel}","templated":true}]}}